t is the remainder when a(3) is divided by (-21)/((-24)/(-48)*(-2)/2)?
40
Let c(i) = 2*i**2 - 13*i + 8. Let m be c(6). Let b(n) = -n**3 + n + 29. What is the remainder when b(0) is divided by -4 + 24/4 + m?
1
Calculate the remainder when (1/(-2) + (1 - 0))*694 is divided by 8 - (-5196)/84 - (-2)/14.
67
Let y = 14 + -6. Suppose 0 = p - y*p. Suppose -2*u - u + 156 = p. Calculate the remainder when u is divided by 28.
24
Let i(c) = 40*c + 207. What is the remainder when 345 is divided by i(-5)?
2
Let l = -16 + 24. Let t be (l - 7)/(3/537). Suppose 2*b - t = 41. What is the remainder when b is divided by 38?
34
Let x(o) = -2*o**2 + 27*o - 8. Let d be x(13). Suppose 4*p + d*h - 123 = 2*h, -p = 4*h - 34. What is the remainder when 239 is divided by p?
29
Suppose 2*x + x - 703 = -p, 2*x - 3*p - 487 = 0. Calculate the remainder when x is divided by 25.
11
Suppose 0 = 4*n - 40 + 24. Suppose n*v = -f + 218, -10*f + 4*v + 590 = -7*f. Calculate the remainder when f is divided by 51.
49
Suppose -3*s = 18*l - 23*l - 153, l = -3*s + 135. Calculate the remainder when 10257 is divided by s.
45
Let t(r) = -r - 1. Let p be (-2)/4*(-198)/9. Let a be t(p). What is the remainder when 29 is divided by 3/12 - 189/a?
13
Let w = -252 + 550. Let i = w + -209. Suppose -4*s - 26 = -y, -y - i = -4*y + s. Calculate the remainder when 88 is divided by y.
28
Suppose 69*y - 84*y = -24585. Calculate the remainder when y is divided by 206.
197
Let i = -20 + 65. Let h(w) = -w**2 + 3*w + 31. Let j be h(6). Suppose 16*v - 75 = j*v. Calculate the remainder when i is divided by v.
20
Let r(j) = 14*j + 136. Let v(t) = -t**3 + 2*t**2 + 6*t. Let k be v(4). What is the remainder when (-2)/(((-4)/90)/1) is divided by r(k)?
21
Suppose -1345 - 797 = 17*c. Let t = c + 150. What is the remainder when t is divided by 9?
6
Let h be (5/(-3) + 4/24)*130. Let u = -171 - h. What is the remainder when u is divided by 5?
4
Suppose -7*u - 1499 = -3*d - 9*u, 5*d + 4*u - 2497 = 0. Calculate the remainder when d is divided by 47.
31
Suppose -5*x + 2*i + 79 = 0, 2*x - 6*i = -2*i + 38. What is the remainder when 204 + (-1 + -1)*-1 is divided by x?
11
Suppose 13*k = 11*k + 2*f, -2*k - f = 0. Suppose 124*b - 117*b - 49 = k. Calculate the remainder when 14 is divided by b.
0
Suppose 67 = 3*n - 344. Suppose 4*s - 71*s + 1144 = 21*s. Calculate the remainder when n is divided by s.
7
Let f(m) be the second derivative of m**5/20 + 3*m**4/4 + m**3/3 + 2*m**2 + 33*m. Calculate the remainder when f(-8) is divided by 5.
2
Suppose 0 = 11*c + 3*s - 13, 5*s + 3 = -3*c + 2*s. Suppose -4*h + 18 = -5*j - 13, -2*h - j + 19 = 0. What is the remainder when h is divided by c?
1
Suppose -19432*j = -19206*j - 8588. Suppose 2*n = 4*n + 8. Let f = n - -153. Calculate the remainder when f is divided by j.
35
Let p(t) = -t**3 + 7*t**2 - 7*t + 8. Calculate the remainder when ((-760)/(-14))/(12/42) is divided by p(4).
22
Let z(m) be the second derivative of m**5/20 + m**4/12 - m**3/2 - 21*m**2 + 117*m + 2. Calculate the remainder when z(5) is divided by 28.
9
Suppose 783 = 316*q - 289*q. Calculate the remainder when 163 is divided by q.
18
Suppose g = -4*g + 20. Suppose -4*r - g*x + 107 = -389, -2*x = -3*r + 357. Calculate the remainder when r is divided by 25.
21
Suppose 4*b - 3*b - 14 = 0. Let t = -10415 + 10496. What is the remainder when t is divided by b?
11
Suppose 13000 = 67*c - 54*c. Suppose 9*f + 3*j - 975 = 7*f, -2*j = -2*f + c. Calculate the remainder when f is divided by 100.
95
Calculate the remainder when (38458/(-335))/(6/(-9)*(-15)/(-25)) is divided by 29*((-6)/(-3) - 1).
26
Let b(u) = -4240*u - 29623. Let v = -2 - -4. Suppose 0*c - v*c = -40. Calculate the remainder when b(-7) is divided by c.
17
Let g = -58 - -64. Let v = 508 - 470. What is the remainder when v is divided by g?
2
Let o(b) = b**3 - 30*b**2 + 220*b + 43. What is the remainder when 11928 is divided by o(17)?
20
Let p(x) = 138*x**2 + 48*x + 141. Calculate the remainder when p(-3) is divided by 82.
9
What is the remainder when 411 is divided by -749*12/(-84)*(-3 - -4)?
90
Let t = -14091 + 14393. Calculate the remainder when 926 is divided by t.
20
Suppose -3*m + 63 = -0*m - j, 4*m - 4*j = 84. Let p = m + -33. What is the remainder when 38 is divided by (-183)/(-12) - 0 - (-3)/p?
8
Suppose 0 = 3*j + l - 381, -j + 2*l + 92 + 28 = 0. Calculate the remainder when j is divided by 42.
0
Let y(j) = j**3 + 12*j**2 + 3*j + 7. Let p be y(-12). Let l = -31 - p. Calculate the remainder when 41 is divided by 1/(-1)*(l + -9).
8
Let i(j) = -j**2 - 20*j - 62. Let f be i(-4). Calculate the remainder when (3/2)/(f/60) is divided by 14.
3
Let b(o) = o**2 + 101*o + 2596. Calculate the remainder when b(-21) is divided by 30.
16
Let x = 275 + -145. Let g(f) = f**3 - 14*f**2 - 14*f - 7. Let s be g(15). Suppose -s*w - 18 = -194. What is the remainder when x is divided by w?
20
Let g be 0 - 67*-5*(-8)/10. Let d be (-4)/14 - g*(-4)/(-28). Suppose -3*z + 45 = 3*k, 3*z - 5*k - d = 39. Calculate the remainder when 34 is divided by z.
15
Let y = -6556 - -6660. What is the remainder when 8215 is divided by y?
103
Let t = 258 - 250. What is the remainder when 1/(1/(-42)*-2) is divided by t?
5
Let v be -7 - 10/((-60)/522). Suppose 0 = -4*m, 5*u + 0*u = -2*m + v. What is the remainder when 1/(-5) - 121/(-5) is divided by u?
8
Let o(c) = 2*c**2 + 8*c + 13. Suppose 0 = l - 2, -4*l + 58 = -b - 4*b. Let r(h) = h**2 + 3*h - 2. What is the remainder when r(b) is divided by o(-5)?
22
Let n be (31 + -1)*(-12)/(-18). Suppose -5*t = o - 12, -5*o = -3*t + 3 - 91. Calculate the remainder when o is divided by (n/(-8))/(5/(-22)).
6
Suppose n = 4*u + 199, n - 5*u - 347 + 144 = 0. What is the remainder when 3109 is divided by n?
181
What is the remainder when 4709 is divided by (-3 - (-54)/16) + 1715/56?
28
Let y = -6092 + 14075. What is the remainder when y is divided by 27?
18
Suppose -4*v + 0*v - 2*k + 168 = 0, k - 43 = -v. Calculate the remainder when 191 is divided by v.
27
Let f = 740 + -712. What is the remainder when 333 is divided by f?
25
Suppose -2*y - 13*y = -3570. Let p = 1104 - 1064. Calculate the remainder when y is divided by p.
38
Suppose 30*c + 1953 - 7563 = 0. Calculate the remainder when 262 is divided by (c/51)/((-2)/(-36)).
64
Suppose -223140 = -16*f - 44*f. What is the remainder when f is divided by 10?
9
Suppose 7*p - 8*p = -3*s - 19, p = s + 27. Calculate the remainder when 2317 is divided by p.
23
Suppose 48*n - 474907 = -61*n - 135045. What is the remainder when n is divided by 39?
37
Let v(b) = -4*b + 2. Suppose 4*d = 5*i - 190, 99*i - 3*d = 96*i + 114. Calculate the remainder when i is divided by v(-6).
12
Suppose y + 3 = 0, 10*o - 7*o = -6*y + 114. What is the remainder when o is divided by 12?
8
Suppose 4*h + 10 + 6 = 0, -194 = -3*i - 4*h. Suppose -5*p + i + 74 = 4*q, 3*p = 12. What is the remainder when q is divided by 7?
3
Suppose -82 = -7*u + 30. Suppose -3 + 18 = 5*v. Suppose -v*o + 13 = 2*i - u, 0 = 4*o - 4*i - 52. Calculate the remainder when 52 is divided by o.
8
Suppose -4*f + 359 = 335. Suppose f*y - 238 = -y. Calculate the remainder when 133 is divided by y.
31
Suppose 279*w - 341*w = -68076. What is the remainder when w is divided by 157?
156
Suppose 44 = -h + 83. Let q(d) be the first derivative of d**2/2 + 4*d + 1. Calculate the remainder when h is divided by q(6).
9
Let h = 2339 - 2308. Calculate the remainder when 75 is divided by h.
13
Let i be 18/(-4)*8/(-6). Suppose -3*a + 12 = -i. Suppose -575 + 635 = 6*w. Calculate the remainder when w is divided by a.
4
Let d(o) = 50*o**2 - 74*o - 93. What is the remainder when d(6) is divided by 91?
80
Suppose 3*m - 122 = 2*y - 16, 0 = -3*m - 4*y + 76. What is the remainder when 5277 is divided by m?
29
Let k(s) = -s**3 - 23*s**2 - 3*s - 50. What is the remainder when 5203 is divided by k(-23)?
16
Calculate the remainder when 1111 is divided by -9 - 1863/(-63) - (40/35)/2.
11
Suppose 5 = -3*y + 2*y. Let u(m) = m**3 + 4*m**2 - 4*m - 4. Let o be u(y). What is the remainder when 931/28 + (o/4 - -2) is divided by 18?
15
Let p(o) = 3*o**2 - 15*o + 134. Calculate the remainder when p(22) is divided by 28.
24
Let h be 52/(-117) + 31/9. Suppose 3*k - 683 = -3*s - 200, -h*s = 2*k - 485. What is the remainder when s is divi